{"id":114,"date":"2025-02-20T10:09:39","date_gmt":"2025-02-20T10:09:39","guid":{"rendered":"https:\/\/surf.lamaga.es\/blog\/"},"modified":"2025-02-20T10:09:39","modified_gmt":"2025-02-20T10:09:39","slug":"blog","status":"publish","type":"page","link":"https:\/\/surf.lamaga.es\/?page_id=114","title":{"rendered":"Blog"},"content":{"rendered":"<div class=\"wp-block-group alignfull hostinger-ai-our-blog-1 hostinger-ai-fade-up\"><div class=\"wp-block-group__inner-container is-layout-constrained wp-block-group-is-layout-constrained\">\n    <div class=\"wp-block-group alignwide hostinger-ai-fade-up is-content-justification-left\"><div class=\"wp-block-group__inner-container is-layout-constrained wp-container-core-group-is-layout-1 wp-block-group-is-layout-constrained\">\n        <h2 class=\"wp-block-heading is-style-default hostinger-ai-title has-dark-color has-text-color has-link-color has-x-large-font-size wp-elements-a9d79383b7f86ed746fb2d4d3ed04d30\" style=\"margin-bottom:var(--wp--preset--spacing--50)\">Surf en C&aacute;diz<\/h2>\n        \n\n        \n        <div data-wp-context=\"{}\" data-wp-interactive=\"core\/query\" data-wp-key=\"24\" data-wp-router-region=\"query-24\" class=\"wp-block-query alignwide is-layout-flow wp-block-query-is-layout-flow\"><ul class=\"columns-2 post-item wp-block-post-template is-layout-grid wp-container-core-post-template-is-layout-1 wp-block-post-template-is-layout-grid\"><li data-wp-key=\"post-template-item-109\" class=\"wp-block-post post-109 post type-post status-publish format-standard hentry category-uncategorized\">\n            \n\n            <h2 style=\"margin-bottom:0;margin-top:var(--wp--preset--spacing--20);\" class=\"wp-block-post-title has-large-font-size\"><a href=\"https:\/\/surf.lamaga.es\/?p=109\" target=\"_self\" >C\u00f3mo crear una p\u00e1gina web moderna para la escuela de surf La Maga en C\u00e1diz<\/a><\/h2>\n\n            <div style=\"margin-bottom:0;margin-top:var(--wp--preset--spacing--20);\" class=\"wp-block-post-excerpt\"><p class=\"wp-block-post-excerpt__excerpt\">Presentaci\u00f3n atractiva Al crear una p\u00e1gina web para la escuela de surf La Maga en C\u00e1diz, lo primero que debemos&hellip; <\/p><\/div>\n\n            <div style=\"margin-top:var(--wp--preset--spacing--20);\" class=\"wp-block-post-date\"><time datetime=\"2025-02-20T10:09:32+00:00\">2\/20\/2025<\/time><\/div>\n            <\/li><li data-wp-key=\"post-template-item-107\" class=\"wp-block-post post-107 post type-post status-publish format-standard hentry category-uncategorized\">\n            \n\n            <h2 style=\"margin-bottom:0;margin-top:var(--wp--preset--spacing--20);\" class=\"wp-block-post-title has-large-font-size\"><a href=\"https:\/\/surf.lamaga.es\/?p=107\" target=\"_self\" >C\u00f3mo crear una p\u00e1gina web moderna para la escuela de surf en C\u00e1diz<\/a><\/h2>\n\n            <div style=\"margin-bottom:0;margin-top:var(--wp--preset--spacing--20);\" class=\"wp-block-post-excerpt\"><p class=\"wp-block-post-excerpt__excerpt\">Presentaci\u00f3n Atractiva en la P\u00e1gina de Inicio Para dise\u00f1ar una p\u00e1gina web efectiva para la escuela de surf en C\u00e1diz,&hellip; <\/p><\/div>\n\n            <div style=\"margin-top:var(--wp--preset--spacing--20);\" class=\"wp-block-post-date\"><time datetime=\"2025-02-20T10:09:31+00:00\">2\/20\/2025<\/time><\/div>\n            <\/li><\/ul><\/div>\n        <\/div><\/div>\n    <\/div><\/div>\n<div class=\"wp-block-group alignfull hostinger-ai-gallery-3 hostinger-ai-fade-up\"><div class=\"wp-block-group__inner-container is-layout-flow wp-block-group-is-layout-flow\">\n    <div class=\"wp-block-group alignwide hostinger-ai-fade-up\" style=\"padding-top:var(--wp--preset--spacing--60);padding-bottom:var(--wp--preset--spacing--60)\"><div class=\"wp-block-group__inner-container is-layout-constrained wp-block-group-is-layout-constrained\">\n        <h2 class=\"wp-block-heading has-text-align-center hostinger-ai-title has-dark-color has-text-color has-link-color has-x-large-font-size wp-elements-eda9930d5f0da4490da7afaec32e593f\" style=\"margin-top:0;margin-right:0;margin-bottom:var(--wp--preset--spacing--20);margin-left:0\">Galer&iacute;a Visual<\/h2>\n        \n\n        \n        <p class=\"has-text-align-center hostinger-ai-description has-dark-color has-text-color has-link-color has-medium-font-size wp-elements-c1e8297ac67bc32586c735c0e9636ff8\" style=\"margin-top:0;margin-bottom:0\">Descubre momentos inolvidables de nuestras clases y eventos en la escuela de surf.<\/p>\n        <\/div><\/div>\n    \n\n    \n    <div class=\"wp-block-group hostinger-ai-fade-up\" style=\"margin-top:0\"><div class=\"wp-block-group__inner-container is-layout-constrained wp-block-group-is-layout-constrained\">\n        <div class=\"wp-block-group alignwide hostinger-ai-fade-up is-content-justification-center is-nowrap is-layout-flex wp-container-core-group-is-layout-4 wp-block-group-is-layout-flex\">\n            <figure class=\"wp-block-image size-full has-custom-border hostinger-ai-image hostinger-index-8\"><img decoding=\"async\" src=\"https:\/\/images.unsplash.com\/photo-1651856218818-2722a0a448f7?q=85&amp;w=275&amp;h=275&amp;fit=crop\" alt=\"\" class=\"wp-image-525\" style=\"border-radius:8px\"><\/figure>\n            \n\n            \n            <figure class=\"wp-block-image size-full has-custom-border hostinger-ai-image hostinger-index-9\"><img decoding=\"async\" src=\"https:\/\/images.unsplash.com\/photo-1702013576983-2bf95aebb547?q=85&amp;w=275&amp;h=275&amp;fit=crop\" alt=\"\" class=\"wp-image-525\" style=\"border-radius:8px\"><\/figure>\n            \n\n            \n            <figure class=\"wp-block-image size-full has-custom-border hostinger-ai-image hostinger-index-10\"><img decoding=\"async\" src=\"https:\/\/images.unsplash.com\/photo-1586115245188-0ed84d916f11?q=85&amp;w=275&amp;h=275&amp;fit=crop\" alt=\"\" class=\"wp-image-525\" style=\"border-radius:8px\"><\/figure>\n            \n\n            \n            <figure class=\"wp-block-image size-full has-custom-border hostinger-ai-image hostinger-index-11\"><img decoding=\"async\" src=\"https:\/\/images.unsplash.com\/photo-1592586165939-e3da69b9df74?q=85&amp;w=275&amp;h=275&amp;fit=crop\" alt=\"\" class=\"wp-image-525\" style=\"border-radius:8px\"><\/figure>\n            <\/div>\n        \n\n        \n        <div class=\"wp-block-group alignwide hostinger-ai-fade-up is-content-justification-center is-nowrap is-layout-flex wp-container-core-group-is-layout-5 wp-block-group-is-layout-flex\">\n            <figure class=\"wp-block-image size-full has-custom-border hostinger-ai-image hostinger-index-12\"><img decoding=\"async\" src=\"https:\/\/images.unsplash.com\/photo-1701040467046-f364783784cf?q=85&amp;w=275&amp;h=275&amp;fit=crop\" alt=\"\" class=\"wp-image-525\" style=\"border-radius:8px\"><\/figure>\n            \n\n            \n            <figure class=\"wp-block-image size-full has-custom-border hostinger-ai-image hostinger-index-13\"><img decoding=\"async\" src=\"https:\/\/images.unsplash.com\/photo-1698680055935-c7e1c905fc63?q=85&amp;w=275&amp;h=275&amp;fit=crop\" alt=\"\" class=\"wp-image-525\" style=\"border-radius:8px\"><\/figure>\n            \n\n            \n            <figure class=\"wp-block-image size-full has-custom-border hostinger-ai-image hostinger-index-14\"><img decoding=\"async\" src=\"https:\/\/images.unsplash.com\/photo-1698680055935-c7e1c905fc63?q=85&amp;w=275&amp;h=275&amp;fit=crop\" alt=\"\" class=\"wp-image-525\" style=\"border-radius:8px\"><\/figure>\n            \n\n            \n            <figure class=\"wp-block-image size-full has-custom-border hostinger-ai-image hostinger-index-15\"><img decoding=\"async\" src=\"https:\/\/images.unsplash.com\/photo-1641256841079-e4360cc73ddc?q=85&amp;w=275&amp;h=275&amp;fit=crop\" alt=\"\" class=\"wp-image-525\" style=\"border-radius:8px\"><\/figure>\n            <\/div>\n        <\/div><\/div>\n    <\/div><\/div>\n<div class=\"wp-block-group alignfull hostinger-ai-solid-block has-color-1-background-color has-background hostinger-ai-fade-up\" style=\"padding-top:var(--wp--preset--spacing--60);padding-bottom:var(--wp--preset--spacing--60)\"><div class=\"wp-block-group__inner-container is-layout-constrained wp-block-group-is-layout-constrained\">\n    <div class=\"wp-block-group alignwide hostinger-ai-fade-up is-vertical is-content-justification-center is-nowrap is-layout-flex wp-container-core-group-is-layout-9 wp-block-group-is-layout-flex\" style=\"min-height:0px;padding-top:0;padding-bottom:0\">\n        <div class=\"wp-block-group hostinger-ai-fade-up wp-container-content-1 is-content-justification-center\"><div class=\"wp-block-group__inner-container is-layout-constrained wp-block-group-is-layout-constrained\">\n            <h2 class=\"wp-block-heading has-text-align-center hostinger-ai-title has-dark-color has-text-color has-link-color has-x-large-font-size wp-elements-d15d4303fbc3de20ccd523d01cd162bc\" style=\"margin-top:0;margin-right:0;margin-bottom:0;margin-left:0\">&Uacute;nete a nosotros<\/h2>\n            \n\n            \n            <p class=\"has-text-align-center hostinger-ai-description has-dark-color has-text-color has-link-color has-medium-font-size wp-elements-8dc014ff410c5c76dfa27e7fa976b4bf\" style=\"margin-top:var(--wp--preset--spacing--20);margin-bottom:var(--wp--preset--spacing--50)\">Descubre la emoci&oacute;n del surf en C&aacute;diz. &iexcl;Inscr&iacute;bete hoy y vive una experiencia inolvidable con La Maga Surf!<\/p>\n            \n\n            \n            <div class=\"wp-block-buttons is-content-justification-center is-layout-flex wp-container-core-buttons-is-layout-1 wp-block-buttons-is-layout-flex\">\n                <div class=\"wp-block-button has-custom-font-size hostinger-ai-cta-button has-medium-font-size\"><a class=\"wp-block-button__link has-dark-color has-contrast-background-color has-text-color has-background has-link-color has-border-color has-dark-border-color wp-element-button\" style=\"padding-top:var(--wp--preset--spacing--30);padding-right:var(--wp--preset--spacing--70);padding-bottom:var(--wp--preset--spacing--30);padding-left:var(--wp--preset--spacing--70)\">Inscribirse<\/a><\/div>\n                <\/div>\n            <\/div><\/div>\n        <\/div>\n    <\/div><\/div>\n","protected":false},"excerpt":{"rendered":"<p>Surf en C&aacute;diz Galer&iacute;a Visual Descubre momentos inolvidables de nuestras clases y eventos en la escuela de surf. &Uacute;nete a nosotros Descubre la emoci&oacute;n del surf en C&aacute;diz. &iexcl;Inscr&iacute;bete hoy y vive una experiencia inolvidable con La Maga Surf!<\/p>\n","protected":false},"author":1,"featured_media":0,"parent":0,"menu_order":0,"comment_status":"closed","ping_status":"closed","template":"","meta":{"_kadence_starter_templates_imported_post":false,"_kad_post_transparent":"","_kad_post_title":"","_kad_post_layout":"","_kad_post_sidebar_id":"","_kad_post_content_style":"","_kad_post_vertical_padding":"","_kad_post_feature":"","_kad_post_feature_position":"","_kad_post_header":false,"_kad_post_footer":false,"footnotes":""},"class_list":["post-114","page","type-page","status-publish","hentry"],"_links":{"self":[{"href":"https:\/\/surf.lamaga.es\/index.php?rest_route=\/wp\/v2\/pages\/114","targetHints":{"allow":["GET"]}}],"collection":[{"href":"https:\/\/surf.lamaga.es\/index.php?rest_route=\/wp\/v2\/pages"}],"about":[{"href":"https:\/\/surf.lamaga.es\/index.php?rest_route=\/wp\/v2\/types\/page"}],"author":[{"embeddable":true,"href":"https:\/\/surf.lamaga.es\/index.php?rest_route=\/wp\/v2\/users\/1"}],"replies":[{"embeddable":true,"href":"https:\/\/surf.lamaga.es\/index.php?rest_route=%2Fwp%2Fv2%2Fcomments&post=114"}],"version-history":[{"count":0,"href":"https:\/\/surf.lamaga.es\/index.php?rest_route=\/wp\/v2\/pages\/114\/revisions"}],"wp:attachment":[{"href":"https:\/\/surf.lamaga.es\/index.php?rest_route=%2Fwp%2Fv2%2Fmedia&parent=114"}],"curies":[{"name":"wp","href":"https:\/\/api.w.org\/{rel}","templated":true}]}}